 the greatest common factor of k and z?
12
Let u(r) = 11*r**2 + 10*r + 19. Let t be u(-3). Calculate the highest common divisor of t and 22.
22
Let x be (26/4)/(-1)*-2. Let i(b) = 2*b + 3. Let q be i(5). Let j = q + 0. What is the highest common factor of x and j?
13
Let q(n) = -n**2 + 9*n - 4. Let g be q(7). Let t be -2*4/8 + g. Calculate the greatest common factor of t and 45.
9
Suppose 2*u + 3168 = 35*u. Let z(o) = o**3 + 3*o - 2. Let i be z(2). What is the greatest common divisor of i and u?
12
Let h be 2*(5/(-2) - -2). Let i = h - -2. What is the greatest common divisor of i and 2?
1
Let r = 109 + -40. What is the highest common factor of r and 23?
23
Let w = -8 + 13. Suppose -w*q = -10*q + 350. Calculate the highest common factor of 14 and q.
14
Suppose -40*m - 240 = -41*m. Calculate the highest common divisor of 30 and m.
30
Suppose l - 4*p = 5*l - 700, 5*p + 5 = 0. Calculate the greatest common factor of l and 32.
16
Let h be 1/4 + (-8)/(160/(-1075)). Calculate the highest common factor of 432 and h.
54
Let j be 4/(-1)*12/24*-44. Calculate the greatest common divisor of j and 33.
11
Let p be 2/9 + (-318)/(-27). Let v(s) = 0*s - s + 8 - 1. Let f be v(5). Calculate the highest common factor of f and p.
2
Let x(o) = -o + 2. Let t be x(-6). Suppose -5*i = 5, -t*v = -3*v + 3*i - 347. What is the highest common divisor of 28 and v?
14
Let g = 48 + -26. Let q = 272 + -60. Let c = 388 - q. Calculate the highest common factor of c and g.
22
Let c(h) = 10*h + 4. Let l be c(1). What is the greatest common divisor of 28 and l?
14
Suppose -3*r = -z + 3*z - 6, 0 = 5*r - 4*z + 12. Suppose -h + 2*h - 6 = r. What is the highest common divisor of h and 3?
3
Let z = 6 - 10. Let x(d) = 2*d**2 + 5*d + 6. Let y be x(z). What is the highest common factor of 162 and y?
18
Let k be ((-88)/12)/((-4)/30). Calculate the greatest common factor of k and 22.
11
Suppose m = -3*m + 32. Calculate the highest common divisor of m and 56.
8
Suppose w = 2*y + 1, -5*w + y = -6 + 1. Suppose 0 = 2*k + 28*m - 32*m - 34, 0 = 2*k + 3*m - 13. What is the highest common factor of k and w?
1
Let q = -10 + 13. Let u be (2/q)/(3/45). Calculate the greatest common divisor of 10 and u.
10
Let p(s) = s - 2. Suppose b - 5*r = 22, 4*b - r = -0*b + 31. Let f be p(b). What is the highest common divisor of f and 2?
1
Let v = 472 - 337. Calculate the greatest common factor of v and 5.
5
Let g be 2*28/8*1. Let l be 16/6 + g/21. Calculate the greatest common factor of l and 6.
3
Let n be (-1)/4*-2*38. Suppose 2*s + n = -5*k, k = 2*s + 3*s - 20. Let v(a) = -22*a - 1. Let m be v(-1). Calculate the greatest common factor of m and s.
3
Let v(p) = -p**3 - 3*p**2 + 3*p + 2. Let g be v(-4). What is the greatest common divisor of g and 12?
6
Suppose 4*b = 5*b + 5*i - 18, 2*b = -4*i + 24. Calculate the highest common factor of 16 and b.
8
Let g = -35 - -47. What is the greatest common divisor of 12 and g?
12
Let h = 55 - 41. Calculate the highest common divisor of 126 and h.
14
Suppose -3*t + 19 = -5. Calculate the highest common divisor of t and 4.
4
Suppose x - 3*x + 48 = 0. What is the greatest common divisor of 168 and x?
24
Suppose 3*v - 31 = 2. Suppose 0 = 4*w - 533 - 11. Let r = w - 81. What is the greatest common factor of v and r?
11
Let l(r) = 9*r - 3. Let v be l(7). Calculate the greatest common divisor of 48 and v.
12
Suppose -4*v = 5*p + 5, -4*p - 4 = -2*p + 2*v. Suppose 157 - 949 = -2*b. Suppose -b = n - p*n. What is the greatest common divisor of n and 22?
22
Let w be (0 + (2 - 3))*-2. Suppose 3 = w*s - 25. Let j(v) = v**2 - 2*v - 1. Let z be j(4). Calculate the highest common divisor of z and s.
7
Let b be (-4)/3*(-54)/12. Suppose 0 = -4*y - 3*m + m + 40, -3*m + b = 0. What is the greatest common divisor of 1 and y?
1
Suppose 0 = 2*n - 3*u + 9, 5*n + 5 = u + 15. What is the highest common factor of n and 15?
3
Let z = 58 + 27. Let w(l) = -l + 38. Let a be w(0). Suppose -4*b + 2*b + 4*x = -a, 3*b = 2*x + 53. Calculate the highest common divisor of b and z.
17
Let o = 13 + -7. What is the greatest common divisor of 114 and o?
6
Suppose 4*n = -d + 7, 2*n - 2*d + 6 = 2. Let m be 103 - (-4 + 1 + n). Let u = 27 - 12. Calculate the greatest common factor of u and m.
15
Suppose -5*m + 7*m - 70 = 0. Let p = 10 - 3. What is the greatest common factor of m and p?
7
Let y be ((-100)/(-30))/((-2)/(-309)). Let z = -285 + y. What is the highest common divisor of z and 23?
23
Let o = 71 - 46. Suppose -3*x + x - 6 = -2*h, 5*h - o = 0. What is the highest common divisor of 14 and x?
2
Suppose 2*r + 2 - 84 = -5*a, r - 38 = -a. Let g = 100 + -10. Calculate the highest common divisor of r and g.
18
Suppose -3*p + 0*p - 24 = 0. Let k be 2/(-4) - 364/p. Suppose 110*h + 9 = 111*h. What is the greatest common factor of k and h?
9
Let q be -2 - (4 - 1)*-1. What is the greatest common factor of q and 11?
1
Suppose -18 = -5*m + 3*k, 6*k = -m + 3*k. What is the greatest common factor of 9 and m?
3
Let n(a) = -7*a - 16. Let b be n(-7). Calculate the greatest common divisor of 11 and b.
11
Let l(b) = -6*b + 4. Let r be l(-6). What is the greatest common factor of r and 10?
10
Suppose 2*r - 14 - 8 = 0. Let b(z) = 52*z - 7. Let n be b(4). Let j = n - 113. What is the highest common factor of r and j?
11
Let i(x) = 6*x + 7. Let u be i(5). Let h = u - 9. What is the highest common factor of h and 70?
14
Suppose -5*v = -2*z + 112, 0 = -v - 3*v. Suppose 2*t - 2*k - 12 = 6, -5*t = 4*k - 36. What is the highest common factor of z and t?
8
Let h be 4/(1 - 24/28). What is the highest common factor of 308 and h?
28
Suppose 2*z + 4 = 2*m, 10 + 21 = 3*m + 2*z. Let x = m - -2. Let k = 7 + x. What is the greatest common divisor of 16 and k?
16
Suppose 11*v = 6*v + 65. Calculate the greatest common factor of 143 and v.
13
Let f(g) = g**3 - g**2 - g + 9. Let d be f(0). Let h be (-4)/(-10) - 264/(-15). What is the greatest common divisor of h and d?
9
Let z = -583 + 316. Let c be z/(-5) + (-3)/(-5). What is the highest common factor of c and 6?
6
Let h be ((-42)/(-9) - 3)*3. Let m = 77 + -22. What is the greatest common factor of h and m?
5
Let u be ((-2)/(-6))/((-5)/(-180)). What is the highest common divisor of u and 108?
12
Suppose -5*x + 5*h = -515, 4*x - 5*h + 3*h = 414. Calculate the greatest common divisor of 16 and x.
8
Suppose 17 - 5 = 2*p. Calculate the greatest common divisor of 6 and p.
6
Suppose -5*f + 283 = 4*s, -3*f = -2*s - 3*s + 363. What is the greatest common factor of s and 18?
18
Suppose 60 = 2*m - 0*m. Suppose -w + 11 = -m. Suppose -5*j = -q - j + w, 115 = 5*q - 2*j. What is the highest common divisor of q and 3?
3
Suppose 3*z = -2*z + 30. Let p be 1/((z/9)/2). Suppose -p*x + 9 = -189. What is the highest common divisor of x and 6?
6
Suppose -2*c + 3*c = -5*z + 320, 5*z - 310 = c. Calculate the highest common divisor of z and 9.
9
Let w(u) = -u**3 - 16*u**2 - 13*u + 19. Let q be w(-15). Let v = -9 - q. Calculate the highest common divisor of 10 and v.
2
Let t = 52 + -33. Calculate the highest common factor of 76 and t.
19
Let g = 72 + -36. Suppose -2*k - 1 = -3*b + 2, k = 2*b - 3. Suppose -k*z + z = -g. Calculate the highest common divisor of z and 9.
9
Let h be (-6 + -1)*(-36)/14. Calculate the greatest common factor of h and 198.
18
Let q be 3 + (797/15 - 26/195). What is the greatest common divisor of q and 140?
28
Let h be ((-3)/2)/(((-21)/(-352))/(-7)). Calculate the highest common factor of h and 22.
22
Suppose 0 = g - 2*b - 0*b - 42, -2*g + 5*b + 89 = 0. Let f = 207 - 81. Let h = -46 + f. What is the highest common divisor of h and g?
16
Suppose -2*u - 97 = 11. Let n be (20/6)/((-12)/u). What is the highest common factor of 10 and n?
5
Suppose -3 = -4*m + 65. Suppose 5*s - 4*n - m = 0, -s - 4 = 4*n - 17. Calculate the greatest common factor of 15 and s.
5
Suppose -5*l - 40 = -3*p, 3*p - l = -0*p + 32. What is the highest common divisor of p and 25?
5
Let o(r) = r**2 - r + 3. Let a be o(0). What is the highest common factor of a and 1?
1
Suppose -5*s - 9 = -0*d - d, s + 13 = 3*d. Suppose 0 = d*f - 2*c - 12, 0 = 2*f - c - 2*c + 2. What is the greatest common divisor of f and 45?
5
Suppose 86 = 2*j + 2*p, -34 = -j - 2*p + 13. What is the greatest common divisor of 117 and j?
39
Let d be (-2)/10 - (-793)/6